e second derivative of a**5/20 - 7*a**4/12 - 11*a**3/6 + a**2/2 + 753*a. What are the prime factors of v(m)?
2
Let k(b) = 73*b**3 - 9*b**2 - 10*b + 74. What are the prime factors of k(8)?
2, 18397
Suppose 3*q - 64501 = 2*m + 12535, 11*q - 282484 = -2*m. List the prime factors of q.
2, 3, 5, 107
Suppose -3*l = 6*h - h - 93910, -6*h - 24 = 0. What are the prime factors of l?
2, 5, 31, 101
Let b = 134 - -12. Suppose -148*h + b*h + 1720 = 0. List the prime factors of h.
2, 5, 43
Let f(z) = -z**3 + 12*z**2 - 36*z + 3. Let v be f(6). What are the prime factors of (27/(-2))/((-22)/(-8) - v)?
2, 3
Let x(v) = 7*v**2 + 156*v - 223. What are the prime factors of x(-32)?
3, 7, 31
Suppose 274*j = 273*j - u + 2533, 2*j - 5048 = u. What are the prime factors of j?
7, 19
Let k(w) = -24*w - 92. Let c(r) = -11*r + 1. Let o be c(1). List the prime factors of k(o).
2, 37
Suppose 2*b - 2*k = 8, 5*b - k - 20 = 2*k. Suppose s = 99 + b. Suppose 4*l - 5*f - s = 0, -2*l + 50 = -3*f - f. List the prime factors of l.
3
Let c(w) = -1575*w - 4029. What are the prime factors of c(-39)?
2, 3, 4783
Let i(t) = -376*t + 12745. What are the prime factors of i(-80)?
3, 5, 571
Let b(a) = 35*a**2 + 13*a - 12. Let n(o) = -o**2 + 1. Let l(m) = b(m) + 5*n(m). What are the prime factors of l(-4)?
421
Let o = 575 - 731. Let p = 1083 + o. List the prime factors of p.
3, 103
Suppose -9*x - 2*v + 5266 = -7*x, x + 3*v - 2639 = 0. What are the prime factors of x?
2, 5, 263
Let p(j) = 5*j**2 - 23*j - 2. Let q be p(21). Let w = -1063 + q. What are the prime factors of w?
3, 73
Let i be ((-583)/3)/((-30)/90). Suppose i = 4*t - 1249. List the prime factors of t.
2, 229
Suppose -36 = 2*i - 3*x, -37 - 47 = 3*i + 3*x. Let w = i - 38. Let z = 129 + w. List the prime factors of z.
67
Suppose 2*i - 3*k - 1666 = 0, -2*k = -2*i - 3*k + 1650. Let c be 6/(-135)*-9 - i/5. Let t = c - -285. What are the prime factors of t?
2, 3, 5
Let a be 8/(-5)*((-260)/8)/1. Suppose -a*r = -47*r - 40. Suppose -z + 11 = r. List the prime factors of z.
3
Let i be (-9378)/(-8) - (169/52 + -3). Suppose 3*s = 6*j - 7*j + 404, -3*j - s + i = 0. List the prime factors of j.
389
Suppose 3*v - 15999 = k, 2*v - 838*k = -843*k + 10666. List the prime factors of v.
5333
Suppose -4*f + 3*a = -1353, 3*f - 46*a - 1001 = -41*a. List the prime factors of f.
2, 3, 19
Suppose -c + l + 39 = 0, 5*l - 93 = -5*c + 2*c. Let b = 102 - c. What are the prime factors of b?
2, 3, 11
Suppose w - 7*w = -144. Let k = w - 12. Let c = 182 - k. List the prime factors of c.
2, 5, 17
Let j(d) = -7*d**3 - 109*d**2 - 21*d - 81. List the prime factors of j(-21).
2, 3, 317
Let c(f) = 129*f**2 + 22*f + 44. What are the prime factors of c(-2)?
2, 3, 43
Let d = 34590 + -18084. What are the prime factors of d?
2, 3, 7, 131
Suppose 310*k + 432 = 314*k. What are the prime factors of (1396/(-5))/(k/(-270))?
2, 349
Suppose 5*i - f = -6*f + 19055, -5*i + 19075 = -5*f. List the prime factors of i.
3, 31, 41
Let z = 252 + 8. Let q = 566 - z. List the prime factors of q.
2, 3, 17
Let x(y) = 2*y**2 - 3*y + 24. Let f be x(-6). Let i = f + 183. List the prime factors of i.
3, 11
Let t(i) = 18*i**2 + 38*i - 416. List the prime factors of t(24).
2, 7, 97
Let y be 1/(12/14 - 1). Let c = -31 - y. What are the prime factors of (-1 - c/(-20))*-55?
11
Let q = 26 + -22. Let x be (q/(-7))/(3*(-2)/21). List the prime factors of (((-8)/(-4))/(-6))/(x/(-258)).
43
Suppose 24*r - 28*r - 3*c = -171663, -3*r + 128756 = c. What are the prime factors of r?
3, 19, 251
Suppose -5*r + 2574 = 3*i - 97, 5*r - 2675 = -5*i. Suppose 3675 = 8*k - r. List the prime factors of k.
2, 263
Suppose 5*u - 9*k + k = 65698, 2*u - 26272 = -4*k. What are the prime factors of u?
2, 6569
Let o be (1 + 0)/(6/3234). Let x = o + -369. Suppose 4*g + x = 490. List the prime factors of g.
2, 5
Let v(w) be the second derivative of -49*w**3/3 - 2*w**2 + 18*w - 1. List the prime factors of v(-1).
2, 47
Let s = -86 - -91. Suppose -4*w + 9*w = l - 3, w + s*l - 15 = 0. Let k(r) = -r**3 + 2*r**2 + 2*r + 124. What are the prime factors of k(w)?
2, 31
Let c = 14165 + -5904. What are the prime factors of c?
11, 751
Suppose 5*d = -2*k + 33, 0 = 3*d - k + 2*k - 19. Suppose -2*t + 4*t + r - 65 = 0, d*r - 145 = -4*t. List the prime factors of t.
2, 3, 5
List the prime factors of 46860 + -4 + -3 + 16.
3, 17, 919
Let p = 166 - 170. What are the prime factors of (3/p)/(66/(-69256))?
787
Let w = -4 + 8. Let m be (-141)/(-6) + 2/w. What are the prime factors of (12 - 13) + 3*m?
71
Suppose 35*v = 38*v - 4332. Suppose 9 = -3*s, 4*s = -5*n + 7*s + v. List the prime factors of n.
7, 41
Let i = 5007 - 1788. List the prime factors of i.
3, 29, 37
Suppose -3*x - 8843 = 13*d - 9*d, 14746 = -5*x + d. Let v = -2026 - x. List the prime factors of v.
13, 71
Suppose 0 = -3*h - 2*s + 12, h - s + 7 - 6 = 0. Suppose -4*m = -2*y + 32, -2*y + h*m = -3*m - 35. List the prime factors of y.
2, 5
Suppose -3*w + 5*s - 3*s = -59469, 2*w - s - 39646 = 0. List the prime factors of w.
43, 461
Let z be (-1 - (-21)/9)*15*1. Let o = z - 15. Suppose 14*v - o*v - 1566 = 0. List the prime factors of v.
2, 3, 29
Suppose 28*d + 35*d = 54*d + 107712. What are the prime factors of d?
2, 11, 17
Suppose -568*m = -563*m - 280. List the prime factors of (-32)/m*(26110/(-4))/5.
2, 373
Suppose 15 = 5*y - 35. Let t(h) = -h**2 + 12*h - 20. Let p be t(y). Suppose p = 4*w - 2*q - 290, 5*q - 134 = -2*w + 41. What are the prime factors of w?
3, 5
List the prime factors of 3738/(24*(-14)/(-560)).
2, 5, 7, 89
Suppose -5*m + l + 18942 = -991, 4 = 2*l. List the prime factors of m.
3, 443
Let z = -21561 - -23530. List the prime factors of z.
11, 179
Let p(n) = -n. Let x(m) = 12*m + 23. Let w(f) = -4*p(f) + x(f). What are the prime factors of w(19)?
3, 109
Suppose 12 = 78*z - 76*z. Suppose 5*h + z*k = 9*k + 1009, -4*k + 414 = 2*h. What are the prime factors of h?
7, 29
Let f = -2897 - -8633. What are the prime factors of f?
2, 3, 239
Let j(g) = -5*g - 13. Let s be j(-3). Let p(a) = 6*a**2 - 2*a - 9. Let f(y) = -y**2 - y - 1. Let w(z) = -5*f(z) + p(z). List the prime factors of w(s).
2, 23
Suppose s - x = -4, -5*s + 4*x - 8*x - 2 = 0. Let f be -1*(31/s)/((-7)/(-28)). Suppose f = 18*t - 16*t. List the prime factors of t.
31
Let u(q) = -2*q - 22. Let w be u(-13). Suppose 26 = w*d - 358. Suppose -776 = -100*i + d*i. List the prime factors of i.
2, 97
Let c(q) be the third derivative of -q**4/6 + 43*q**3/6 - q**2 + 34. What are the prime factors of c(9)?
7
Suppose -5*d - 31852 = -5*j + 3878, -7*j + 2*d + 50047 = 0. List the prime factors of j.
7151
Suppose -118*m = -121*m + 1071. List the prime factors of m.
3, 7, 17
Suppose -3*d - 4*w + 133492 = 0, 0 = 45*d - 47*d + 4*w + 88948. What are the prime factors of d?
2, 67, 83
Suppose -3*k - 3*f - 1 - 14 = 0, k - 3*f + 13 = 0. Let d(t) = t**3 + 8*t**2 - 5*t - 10. What are the prime factors of d(k)?
2, 37
Let h be (-88)/44 - (0 + -938). Suppose 24*d - 11*d = h. List the prime factors of d.
2, 3
Let q(o) = 2*o**3 - 73*o**2 + 4*o - 56. What are the prime factors of q(37)?
3, 487
Let v be (-10 - -14)*30/(-8). Let j(p) = p**2 + 15*p - 8. Let r be j(v). List the prime factors of (0 - 1)/(r/784).
2, 7
List the prime factors of (-120)/(-480) + (-2063)/(-4).
2, 3, 43
Let m = 24 + -14. Let v(p) = 16*p - 1 + m*p - 4*p - 2*p**2 + 3*p. What are the prime factors of v(11)?
2
Let i(g) = 34*g**2 + 98*g + 2229. What are the prime factors of i(-24)?
3, 13, 499
Let d be (-2008 + -1)*(759 + -4). List the prime factors of d/(-779) + (120/(-57) - -2).
3, 11, 59
Let y be 12/16*(-1 + (-260 - 3)). Let i = y - -399. What are the prime factors of i?
3, 67
Suppose 65 = -16*g + 97. Suppose 4*n + 3*x - 30 = 3739, 2*x + g = 0. List the prime factors of n.
23, 41
Let w be (-3*(-7 + 5))/((-2)/(-1)). Suppose 5*i + 39 = w*n - 35, -3*n + 4*i = -79. List the prime factors of ((-11)/(n/(-42)))/(4/18).
3, 7
Let y = 139 + -134. Suppose -2*k + y*d + 906 + 858 = 0, -5*d + 10 = 0. List the prime factors of k.
887
Suppose 2*p + 34 = -3*h, -29 = 3*h - 2*p + 3*p. Let d(u) = u**3 + 14*u**2 + 12*u - 37. What are the prime factors of d(h)?
251
Let h be 0 + (-804)/(-21) + (-2)/7. Let v be (-4)/8*(h - 0). Let g = 3 - v. What are the prime factors of g?
2, 11
Let z = -15 - -75. Let h = 60 - z. Suppos